-177
In base 14, what is -1 - 22c?
-22d
In base 9, what is 2530 - 3?
2526
In base 8, what is -4 + 142?
136
In base 7, what is 0 - 31?
-31
In base 10, what is -3 + -49?
-52
In base 14, what is -50 - -89?
39
In base 8, what is -4 - 2655?
-2661
In base 4, what is -1123 + -10?
-1133
In base 11, what is a + -3?
7
In base 14, what is -b9 + -2?
-bb
In base 10, what is 2 - 1502?
-1500
In base 16, what is -7b6 - 4?
-7ba
In base 12, what is 5 + -3a?
-35
In base 12, what is -8b - 6?
-95
In base 10, what is 43 - 4?
39
In base 2, what is 11111001010 - 11?
11111000111
In base 13, what is 5 + -78?
-73
In base 9, what is -2670 + -10?
-2680
In base 16, what is 3 - 26?
-23
In base 3, what is -200 + -2012100?
-2020000
In base 3, what is -1 + -110100?
-110101
In base 13, what is 313 - -6?
319
In base 13, what is -75 + -15?
-8a
In base 11, what is 0 - 879?
-879
In base 10, what is 0 - -224?
224
In base 10, what is -5 - -443?
438
In base 16, what is 985 - -5?
98a
In base 11, what is -252 - 25?
-277
In base 11, what is -11 - -85?
74
In base 2, what is 1110001010 - -10?
1110001100
In base 7, what is 15003 - 3?
15000
In base 2, what is 11 + -10001010000?
-10001001101
In base 7, what is 6040 - 5?
6032
In base 11, what is 4 - 125?
-121
In base 8, what is 5 - 343?
-336
In base 15, what is -15a - -2?
-158
In base 9, what is -114 + 3?
-111
In base 7, what is 13 + 630?
643
In base 8, what is 302 + -5?
275
In base 3, what is -11 - -101221?
101210
In base 13, what is 103 + -5?
cb
In base 4, what is -2 - 11?
-13
In base 5, what is 111 + 3000?
3111
In base 16, what is -11e - 4?
-122
In base 8, what is -366 - 6?
-374
In base 8, what is 42 + 24?
66
In base 2, what is 11 - -100110110?
100111001
In base 11, what is -27 - -3?
-24
In base 12, what is 0 - 8?
-8
In base 5, what is 3 + 11330?
11333
In base 7, what is 1 - 154?
-153
In base 14, what is -22 + -53?
-75
In base 16, what is -503 - 2?
-505
In base 11, what is 0 - -2a?
2a
In base 6, what is -4 - 24?
-32
In base 13, what is -4 + 10?
9
In base 13, what is 8a + -23?
67
In base 13, what is 9 - -360?
369
In base 11, what is 498 + -1?
497
In base 11, what is -2a + 8?
-22
In base 15, what is 1 + -6a3?
-6a2
In base 9, what is -2 - 1887?
-2000
In base 7, what is -1 - -100?
66
In base 12, what is -96 - 3?
-99
In base 9, what is -5 + -8?
-14
In base 7, what is -4 + 245?
241
In base 10, what is 3 + -2?
1
In base 15, what is 37c + 2?
37e
In base 6, what is 14 + -2542?
-2524
In base 15, what is -33 - 92?
-c5
In base 12, what is -49 - 65?
-b2
In base 13, what is -180 - -1?
-17c
In base 2, what is 101 - 1011011101?
-1011011000
In base 2, what is 100 - -100100000111?
100100001011
In base 3, what is 12 - -1121?
1210
In base 6, what is 23 - 4?
15
In base 7, what is 3 - -23?
26
In base 11, what is -246 - 0?
-246
In base 16, what is -7 + -a?
-11
In base 10, what is -18 - -565?
547
In base 12, what is 11 + 10?
21
In base 13, what is -2312 + -6?
-2318
In base 3, what is 2212 + -12?
2200
In base 4, what is -1 + 312?
311
In base 2, what is 10101100 - -1101011?
100010111
In base 7, what is 10 + -15?
-5
In base 2, what is -11100110 + -110?
-11101100
In base 9, what is -12 + 35?
23
In base 7, what is -22 - 44?
-66
In base 11, what is -5 + 13?
9
In base 5, what is 0 + -44?
-44
In base 3, what is 10010 - -100?
10110
In base 4, what is 1022 + -10022?
-3000
In base 7, what is -4 - 13265?
-13302
In base 2, what is -1110000 + -11001?
-10001001
In base 3, what is -12 + 1121?
1102
In base 3, what is -1201 - 2?
-1210
In base 13, what is 263 + 1?
264
In base 10, what is -1 - -203?
202
In base 14, what is 4 - -38b?
391
In base 2, what is 100 + -110000110000?
-110000101100
In base 3, what is 20002 + -11?
12221
In base 4, what is 23133 + 0?
23133
In base 3, what is -2000 - -111?
-1112
In base 8, what is 2470 - 3?
2465
In base 8, what is -27 - -5?
-22
In base 7, what is 5 - -1013?
1021
In base 12, what is 98 + -7?
91
In base 8, what is -403 + 5?
-376
In base 6, what is -4 - 3153?
-3201
In base 10, what is -19 - -182?
163
In base 2, what is 1 - -1010110010?
1010110011
In base 14, what is 5 - b63?
-b5c
In base 14, what is 181 + -2b?
154
In base 10, what is -3 - 2654?
-2657
In base 10, what is 271 - 5?
266
In base 12, what is -86 - 2?
-88
In base 12, what is -4 + 296?
292
In base 3, what is 2 - 100?
-21
In base 5, what is -1012 - 140?
-1202
In base 13, what is 55 - -32?
87
In base 11, what is 254 + 1?
255
In base 3, what is 12 + -12001001?
-12000212
In base 7, what is -2 - -2124?
2122
In base 14, what is 9 + 4?
d
In base 16, what is -10 - -6?
-a
In base 11, what is -103 - 5?
-108
In base 15, what is 1a + -b?
e
In base 9, what is -32 + 12?
-20
In base 10, what is 124 - 6?
118
In base 4, what is -3 + 12303?
12300
In base 3, what is -1000 + 22?
-201
In base 13, what is -22 - -1?
-21
In base 5, what is 33 - -1?
34
In base 6, what is -3 - -3153?
3150
In base 14, what is 1d1 + -5?
1ca
In base 10, what is -2 + 1?
-1
In base 4, what is 103 - 21230?
-21121
In base 8, what is 130 + 12?
142
In base 6, what is -1025 + -10?
-1035
In base 2, what is 10 - -10111101010?
10111101100
In base 6, what is -15303 + 3?
-15300
In base 4, what is 101 + 3?
110
In base 3, what is -2 - 1210?
-1212
In base 4, what is -3112 + 222?
-2230
In base 14, what is 3 - c7?
-c4
In base 3, what is -12121 + 12?
-12102
In base 8, what is 223 - -127?
352
In base 2, what is 110111100 - -100001?
111011101
In base 16, what is -4e - 2?
-50
In base 6, what is 3 - -100?
103
In base 12, what is 4b4 + -8?
4a8
In base 12, what is -21 - -89?
68
In base 15, what is -4 + 77?
73
In base 11, what is -50 - -157?
107
In base 14, what is -2 + 44?
42
In base 5, what is -2 + 132?
130
In base 15, what is 1c + 7?
24
In base 8, what is -10 - 30?
-40
In base 3, what is 10 - 2212?
-2202
In base 13, what is -5 + 22?
1a
In base 4, what is -11 - 3030?
-3101
In base 15, what is d + -390?
-382
In base 9, what is 2616 + -3?
2613
In base 14, what is -10 + -979?
-989
In base 6, what is 4 + 314?
322
In base 5, what is 123 + -2341?
-2213
In base 6, what is 110 - 1?
105
In base 9, what is -2 + 401?
388
In base 16, what is 4 - -12?
16
In base 7, what is -1215 + 5?
-1210
In base 4, what is -210 + 3?
-201
In base 10, what is 47 + -28?
19
In base 4, what is -111100 - -12?
-111022
In base 2, what is 101000001 - 0?
101000001
In base 2, what is -101000111010 + -101?
-101000111111
In base 8, what is 6205 + 1?
6206
In base 10, what is 226 - -7?
233
In base 16, what is -cf + 4?
-cb
In base 15, what is -5 - 4e?
-54
In base 10, what is -2 + -162?
-164
In base 11, what is -406 - -5?
-401
In base 13, what is 163c - 10?
162c
In base 16, what is -8 + 19?
11
In base 16, what is 17 - 5?
12
In base 10, what is -603 - 7?
-610
In base 14, what is -1 + -60?
-61
In base 13, what is -356 - 3?
-359
In base 8, what is -7 - 34?
-43
In base 7, what is -1021 + -2?
-1023
In base 3, what is 100121 + 222?
101120
In base 3, what is -1 - -122?
121
In base 9, what is 8 - -7?
16
In base 4, what is -10 - -2002?
1332
In base 7, what is 1011 + 3?
1014
In base 11, what is 64 + 196?
24a
In base 11, what is 92a - -2?
931
In base 7, what is 510 + 0?
510
In base 16, what is -2 + -9f3?
-9f5
In base 8, what is -5 + 32?
25
In base 4, what is 12 - 33211?
-33133
In base 9, what is 22 + -3?
18
In base 10, what is 2 + 1044?
1046
In base 10, what is 16 + 291?
307
In base 2, what is -101111 + 10?
-101101
In base 11, what is 3 + 2359?
2361
In base 2, what is -110010101100 + -1010?
-110010110110
In base 14, what is 270 + -48?
226
In base 12, what is -302 - 4?
-306
In base 11, what is -3a + 3?
-37
In base 11, what is 158 - 5?
153
In base 7, what is -64 + 5?
-56
In base 9, what is -461 - -2?
-458
In base 13, what is -1c + -9?
-28
In base 11, what is -27 - -78?
51
In base 12, what is -127 + -10?
-137
In base 10, what is 448 - 14?
434
In base 15, what is 9a - -3?
9d
In base 3, what is -10 + 20001?
12221
In base 5, what is -42 - -3330?
3233
In base 16, what is 29c + 3?
29f
In base 8, what is -56 + 2?
-54
In base 13, what is -5 + 144?
13c
In base 16, what is -12 + 4c5?
4b3
In base 3, what is -11 - 1200?
-1211
In base 5, what is -3 - 14142?
-14200
In base 9, what is 1484 + 4?
1488
In base 14, what is -16 + 7?
-d
In base 13, what is 5 + -2?
3
In base 5, what is 340 + 104?
444
In base 6, what is 4 + -153?
-